{"id":2094,"date":"2025-11-24T16:27:00","date_gmt":"2025-11-24T15:27:00","guid":{"rendered":"https:\/\/phil-conducteur.net\/blog\/?page_id=2094"},"modified":"2025-12-11T19:54:22","modified_gmt":"2025-12-11T18:54:22","slug":"contenus-telechargeables","status":"publish","type":"page","link":"https:\/\/phil-conducteur.net\/blog\/contenus-telechargeables\/","title":{"rendered":"Contenus t\u00e9l\u00e9chargeables"},"content":{"rendered":"\t\t<div data-elementor-type=\"wp-page\" data-elementor-id=\"2094\" class=\"elementor elementor-2094\" data-elementor-post-type=\"page\">\n\t\t\t\t<div class=\"elementor-element elementor-element-a60b8d3 e-flex e-con-boxed e-con e-parent\" data-id=\"a60b8d3\" data-element_type=\"container\" data-e-type=\"container\">\n\t\t\t\t\t<div class=\"e-con-inner\">\n\t\t\t\t<div class=\"elementor-element elementor-element-d840610 elementor-widget elementor-widget-heading\" data-id=\"d840610\" data-element_type=\"widget\" data-e-type=\"widget\" data-widget_type=\"heading.default\">\n\t\t\t\t\t<h1 class=\"elementor-heading-title elementor-size-default\">Retrouvez ici l'ensemble de nos contenus \u00e0 t\u00e9l\u00e9charger<\/h1>\t\t\t\t<\/div>\n\t\t\t\t\t<\/div>\n\t\t\t\t<\/div>\n\t\t<div class=\"elementor-element elementor-element-e1dcd8c e-flex e-con-boxed e-con e-parent\" data-id=\"e1dcd8c\" data-element_type=\"container\" data-e-type=\"container\">\n\t\t\t\t\t<div class=\"e-con-inner\">\n\t\t\t\t<div class=\"elementor-element elementor-element-5e41592 elementor-widget elementor-widget-button\" data-id=\"5e41592\" data-element_type=\"widget\" data-e-type=\"widget\" data-widget_type=\"button.default\">\n\t\t\t\t\t\t\t\t\t\t<a class=\"elementor-button elementor-button-link elementor-size-sm\" href=\"http:\/\/phil-conducteur.net\/blog\/wp-content\/uploads\/Garantie-Financiere-2025-2026.pdf\">\n\t\t\t\t\t\t<span class=\"elementor-button-content-wrapper\">\n\t\t\t\t\t\t\t\t\t<span class=\"elementor-button-text\">Garanties financi\u00e8res<\/span>\n\t\t\t\t\t<\/span>\n\t\t\t\t\t<\/a>\n\t\t\t\t\t\t\t\t<\/div>\n\t\t\t\t<div class=\"elementor-element elementor-element-943725e elementor-widget elementor-widget-button\" data-id=\"943725e\" data-element_type=\"widget\" data-e-type=\"widget\" data-widget_type=\"button.default\">\n\t\t\t\t\t\t\t\t\t\t<a class=\"elementor-button elementor-button-link elementor-size-sm\" href=\"http:\/\/phil-conducteur.net\/blog\/wp-content\/uploads\/CERTIFICAT-LABEL-2022-2027.pdf\">\n\t\t\t\t\t\t<span class=\"elementor-button-content-wrapper\">\n\t\t\t\t\t\t\t\t\t<span class=\"elementor-button-text\">Certificat Label<\/span>\n\t\t\t\t\t<\/span>\n\t\t\t\t\t<\/a>\n\t\t\t\t\t\t\t\t<\/div>\n\t\t\t\t<div class=\"elementor-element elementor-element-c8e4a76 elementor-widget elementor-widget-button\" data-id=\"c8e4a76\" data-element_type=\"widget\" data-e-type=\"widget\" data-widget_type=\"button.default\">\n\t\t\t\t\t\t\t\t\t\t<a class=\"elementor-button elementor-button-link elementor-size-sm\" href=\"http:\/\/phil-conducteur.net\/blog\/wp-content\/uploads\/1.4-et-5.2_usagedelapiste-2025.pdf\">\n\t\t\t\t\t\t<span class=\"elementor-button-content-wrapper\">\n\t\t\t\t\t\t\t\t\t<span class=\"elementor-button-text\">Conditions d'usage de la piste moto<\/span>\n\t\t\t\t\t<\/span>\n\t\t\t\t\t<\/a>\n\t\t\t\t\t\t\t\t<\/div>\n\t\t\t\t<div class=\"elementor-element elementor-element-7a6981a elementor-widget elementor-widget-button\" data-id=\"7a6981a\" data-element_type=\"widget\" data-e-type=\"widget\" data-widget_type=\"button.default\">\n\t\t\t\t\t\t\t\t\t\t<a class=\"elementor-button elementor-button-link elementor-size-sm\" href=\"http:\/\/phil-conducteur.net\/blog\/wp-content\/uploads\/1.6-promouvoir-post-permis-2025.docx\">\n\t\t\t\t\t\t<span class=\"elementor-button-content-wrapper\">\n\t\t\t\t\t\t\t\t\t<span class=\"elementor-button-text\">Promouvoir les formations post-permis<\/span>\n\t\t\t\t\t<\/span>\n\t\t\t\t\t<\/a>\n\t\t\t\t\t\t\t\t<\/div>\n\t\t\t\t<div class=\"elementor-element elementor-element-4a6a6d4 elementor-widget elementor-widget-button\" data-id=\"4a6a6d4\" data-element_type=\"widget\" data-e-type=\"widget\" data-widget_type=\"button.default\">\n\t\t\t\t\t\t\t\t\t\t<a class=\"elementor-button elementor-button-link elementor-size-sm\" href=\"http:\/\/phil-conducteur.net\/blog\/wp-content\/uploads\/2.2-PROCEDURE-EVALUATION-INITIALE.pdf\">\n\t\t\t\t\t\t<span class=\"elementor-button-content-wrapper\">\n\t\t\t\t\t\t\t\t\t<span class=\"elementor-button-text\">Proc\u00e9d\u00e9 d'\u00e9valuation initiale<\/span>\n\t\t\t\t\t<\/span>\n\t\t\t\t\t<\/a>\n\t\t\t\t\t\t\t\t<\/div>\n\t\t\t\t<div class=\"elementor-element elementor-element-8584842 elementor-widget elementor-widget-button\" data-id=\"8584842\" data-element_type=\"widget\" data-e-type=\"widget\" data-widget_type=\"button.default\">\n\t\t\t\t\t\t\t\t\t\t<a class=\"elementor-button elementor-button-link elementor-size-sm\" href=\"http:\/\/phil-conducteur.net\/blog\/wp-content\/uploads\/1.6-promouvoir-post-permis.pdf\">\n\t\t\t\t\t\t<span class=\"elementor-button-content-wrapper\">\n\t\t\t\t\t\t\t\t\t<span class=\"elementor-button-text\">Promouvoir Post Permis<\/span>\n\t\t\t\t\t<\/span>\n\t\t\t\t\t<\/a>\n\t\t\t\t\t\t\t\t<\/div>\n\t\t\t\t<div class=\"elementor-element elementor-element-3673edb elementor-widget elementor-widget-button\" data-id=\"3673edb\" data-element_type=\"widget\" data-e-type=\"widget\" data-widget_type=\"button.default\">\n\t\t\t\t\t\t\t\t\t\t<a class=\"elementor-button elementor-button-link elementor-size-sm\" href=\"http:\/\/phil-conducteur.net\/blog\/wp-content\/uploads\/2.4-accueil-handicap.pdf\">\n\t\t\t\t\t\t<span class=\"elementor-button-content-wrapper\">\n\t\t\t\t\t\t\t\t\t<span class=\"elementor-button-text\">Prise en compte du handicap<\/span>\n\t\t\t\t\t<\/span>\n\t\t\t\t\t<\/a>\n\t\t\t\t\t\t\t\t<\/div>\n\t\t\t\t<div class=\"elementor-element elementor-element-d62770b elementor-widget elementor-widget-button\" data-id=\"d62770b\" data-element_type=\"widget\" data-e-type=\"widget\" data-widget_type=\"button.default\">\n\t\t\t\t\t\t\t\t\t\t<a class=\"elementor-button elementor-button-link elementor-size-sm\" href=\"http:\/\/phil-conducteur.net\/blog\/wp-content\/uploads\/3.1-MODALITES-ORGA-FORM-THEORIQUES-ET-PRATIQUES.pdf\">\n\t\t\t\t\t\t<span class=\"elementor-button-content-wrapper\">\n\t\t\t\t\t\t\t\t\t<span class=\"elementor-button-text\">Modalit\u00e9s d'organisation des formations <\/span>\n\t\t\t\t\t<\/span>\n\t\t\t\t\t<\/a>\n\t\t\t\t\t\t\t\t<\/div>\n\t\t\t\t<div class=\"elementor-element elementor-element-43748ec elementor-widget elementor-widget-button\" data-id=\"43748ec\" data-element_type=\"widget\" data-e-type=\"widget\" data-widget_type=\"button.default\">\n\t\t\t\t\t\t\t\t\t\t<a class=\"elementor-button elementor-button-link elementor-size-sm\" href=\"http:\/\/phil-conducteur.net\/blog\/wp-content\/uploads\/7.4-GESTION-DES-RECLAMATIONS.pdf\">\n\t\t\t\t\t\t<span class=\"elementor-button-content-wrapper\">\n\t\t\t\t\t\t\t\t\t<span class=\"elementor-button-text\">Gestion des r\u00e9clamations<\/span>\n\t\t\t\t\t<\/span>\n\t\t\t\t\t<\/a>\n\t\t\t\t\t\t\t\t<\/div>\n\t\t\t\t<div class=\"elementor-element elementor-element-5e88e64 elementor-widget elementor-widget-button\" data-id=\"5e88e64\" data-element_type=\"widget\" data-e-type=\"widget\" data-widget_type=\"button.default\">\n\t\t\t\t\t\t\t\t\t\t<a class=\"elementor-button elementor-button-link elementor-size-sm\" href=\"http:\/\/phil-conducteur.net\/blog\/wp-content\/uploads\/1.2-enjeux-preparatoires-a-lexamen.pdf\">\n\t\t\t\t\t\t<span class=\"elementor-button-content-wrapper\">\n\t\t\t\t\t\t\t\t\t<span class=\"elementor-button-text\">Les enjeux pr\u00e9paratoires \u00e0 l'examen<\/span>\n\t\t\t\t\t<\/span>\n\t\t\t\t\t<\/a>\n\t\t\t\t\t\t\t\t<\/div>\n\t\t\t\t<div class=\"elementor-element elementor-element-7a948f3 elementor-widget elementor-widget-button\" data-id=\"7a948f3\" data-element_type=\"widget\" data-e-type=\"widget\" data-widget_type=\"button.default\">\n\t\t\t\t\t\t\t\t\t\t<a class=\"elementor-button elementor-button-link elementor-size-sm\" href=\"http:\/\/phil-conducteur.net\/blog\/wp-content\/uploads\/2.3-procede-de-positionnement-client.pdf\">\n\t\t\t\t\t\t<span class=\"elementor-button-content-wrapper\">\n\t\t\t\t\t\t\t\t\t<span class=\"elementor-button-text\">Proc\u00e9d\u00e9 de positionnement client<\/span>\n\t\t\t\t\t<\/span>\n\t\t\t\t\t<\/a>\n\t\t\t\t\t\t\t\t<\/div>\n\t\t\t\t<div class=\"elementor-element elementor-element-a7fcec6 elementor-widget elementor-widget-button\" data-id=\"a7fcec6\" data-element_type=\"widget\" data-e-type=\"widget\" data-widget_type=\"button.default\">\n\t\t\t\t\t\t\t\t\t\t<a class=\"elementor-button elementor-button-link elementor-size-sm\" href=\"http:\/\/phil-conducteur.net\/blog\/wp-content\/uploads\/stats-phil-2025-taux-reussite.pdf\">\n\t\t\t\t\t\t<span class=\"elementor-button-content-wrapper\">\n\t\t\t\t\t\t\t\t\t<span class=\"elementor-button-text\">Taux de r\u00e9ussite 2025<\/span>\n\t\t\t\t\t<\/span>\n\t\t\t\t\t<\/a>\n\t\t\t\t\t\t\t\t<\/div>\n\t\t\t\t\t<\/div>\n\t\t\t\t<\/div>\n\t\t\t\t<\/div>\n\t\t","protected":false},"excerpt":{"rendered":"<p>Retrouvez ici l&rsquo;ensemble de nos contenus \u00e0 t\u00e9l\u00e9charger Garanties financi\u00e8res Certificat Label Conditions d&rsquo;usage de la piste moto Promouvoir les formations post-permis Proc\u00e9d\u00e9 d&rsquo;\u00e9valuation initiale Promouvoir Post Permis Prise en compte du handicap Modalit\u00e9s d&rsquo;organisation des formations Gestion des r\u00e9clamations Les enjeux pr\u00e9paratoires \u00e0 l&rsquo;examen Proc\u00e9d\u00e9 de positionnement client Taux de r\u00e9ussite 2025<\/p>\n","protected":false},"author":4,"featured_media":0,"parent":0,"menu_order":0,"comment_status":"closed","ping_status":"closed","template":"elementor_header_footer","meta":{"footnotes":""},"class_list":["post-2094","page","type-page","status-publish","hentry"],"_links":{"self":[{"href":"https:\/\/phil-conducteur.net\/blog\/wp-json\/wp\/v2\/pages\/2094","targetHints":{"allow":["GET"]}}],"collection":[{"href":"https:\/\/phil-conducteur.net\/blog\/wp-json\/wp\/v2\/pages"}],"about":[{"href":"https:\/\/phil-conducteur.net\/blog\/wp-json\/wp\/v2\/types\/page"}],"author":[{"embeddable":true,"href":"https:\/\/phil-conducteur.net\/blog\/wp-json\/wp\/v2\/users\/4"}],"replies":[{"embeddable":true,"href":"https:\/\/phil-conducteur.net\/blog\/wp-json\/wp\/v2\/comments?post=2094"}],"version-history":[{"count":16,"href":"https:\/\/phil-conducteur.net\/blog\/wp-json\/wp\/v2\/pages\/2094\/revisions"}],"predecessor-version":[{"id":2152,"href":"https:\/\/phil-conducteur.net\/blog\/wp-json\/wp\/v2\/pages\/2094\/revisions\/2152"}],"wp:attachment":[{"href":"https:\/\/phil-conducteur.net\/blog\/wp-json\/wp\/v2\/media?parent=2094"}],"curies":[{"name":"wp","href":"https:\/\/api.w.org\/{rel}","templated":true}]}}