{"id":13,"date":"2014-06-22T10:27:29","date_gmt":"2014-06-22T09:27:29","guid":{"rendered":"http:\/\/phil-conducteur.net\/blog\/?page_id=13"},"modified":"2026-01-05T10:00:52","modified_gmt":"2026-01-05T09:00:52","slug":"inscription","status":"publish","type":"page","link":"https:\/\/phil-conducteur.net\/blog\/inscription\/","title":{"rendered":"Inscription"},"content":{"rendered":"\t\t<div data-elementor-type=\"wp-page\" data-elementor-id=\"13\" class=\"elementor elementor-13\" data-elementor-post-type=\"page\">\n\t\t\t\t<div class=\"elementor-element elementor-element-f49399 e-flex e-con-boxed e-con e-parent\" data-id=\"f49399\" data-element_type=\"container\" data-e-type=\"container\">\n\t\t\t\t\t<div class=\"e-con-inner\">\n\t\t\t\t<div class=\"elementor-element elementor-element-297c957a elementor-widget elementor-widget-text-editor\" data-id=\"297c957a\" data-element_type=\"widget\" data-e-type=\"widget\" data-widget_type=\"text-editor.default\">\n\t\t\t\t\t\t\t\t\t<h2>Documents \u00e0 fournir pour l&rsquo;inscription \u00e0 l&rsquo;auto-\u00e9cole<\/h2>\n<p><strong>POUR TOUS<\/strong><\/p>\n<blockquote>\n<ul>\n<li>Photocopie recto verso de la pi\u00e8ce d&rsquo;identit\u00e9 ou du passeport<\/li>\n<li>4 photos et signature <strong>NUM\u00c9RIQUE agr\u00e9e Agence Nationale des Titres S\u00e9curis\u00e9s<\/strong><\/li>\n<li>Justificatif de domicile (facture EDF, eau, gaz, t\u00e9l\u00e9phone&#8230;)<strong> de moins de 6 mois<\/strong><\/li>\n<li>Attestation d&rsquo;h\u00e9bergement des parents<\/li>\n<li>Copie de la pi\u00e8ce d&rsquo;identit\u00e9 du parent qui rempli l&rsquo;attestation d&rsquo;h\u00e9bergement<\/li>\n<li>Copie de l&rsquo;ASSR2 (r\u00e9alis\u00e9 en classe de troisi\u00e8me)<\/li>\n<li><em><strong>pour les mineurs de 17 \u00e0 18 ans<\/strong> : Attestation provisoire en instance de convocation \u00e0 la JDC \u00e0 demander au service national 05.57.85.10.12 &#8211; www.defense.gouv.fr\/jdc)<\/em><\/li>\n<\/ul>\n<\/blockquote>\n<p><strong>En plus pour les majeurs de 18 \u00e0 25 ans<\/strong><\/p>\n<blockquote>\n<ul>\n<li>Attestation de participation \u00e0 la Journ\u00e9e De Citoyennet\u00e9<\/li>\n<\/ul>\n<\/blockquote>\n<p><strong>\u00c9TRANGERS<\/strong><\/p>\n<blockquote>\n<ul>\n<li>Copie de l&rsquo;original de la carte de s\u00e9jour (valide)<\/li>\n<\/ul>\n<\/blockquote>\n<p><strong>PERMIS ANNULE<\/strong><br \/>Pour les permis annul\u00e9s, merci de nous contacter.<\/p>\n<h2>Documents n\u00e9cessaires pour les examens<\/h2>\n<p>Original de la pi\u00e8ce d&rsquo;identit\u00e9 (d\u00e9claration de perte non valable) Seule la carte de s\u00e9jour originale et en cours de validit\u00e9 sera accept\u00e9e. Pour le permis, amener :<\/p>\n<blockquote>\n<ul>\n<li>le Dossier 02<\/li>\n<li>le Livret d&rsquo;apprentissage dument rempli<\/li>\n<li>une enveloppe \u00ab\u00a0lettre suivie\u00a0\u00bb 50g (disponible en bureau de poste uniquement)<\/li>\n<\/ul>\n<\/blockquote>\n<h2>Renseignements<\/h2>\n<p>N\u2019h\u00e9sitez pas \u00e0 nous contacter : 05.57.96.84.05 &#8211; <a title=\"Formulaire de Contact\" href=\"http:\/\/phil-conducteur.net\/contact.php\">phil-conducteur@hotmail.fr<\/a><\/p>\n<p>\u00a0<\/p>\n\n\n<p><\/p>\n\t\t\t\t\t\t\t\t<\/div>\n\t\t\t\t<div class=\"elementor-element elementor-element-c7c493c elementor-widget elementor-widget-button\" data-id=\"c7c493c\" data-element_type=\"widget\" data-e-type=\"widget\" data-widget_type=\"button.default\">\n\t\t\t\t\t\t\t\t\t\t<a class=\"elementor-button elementor-button-link elementor-size-sm\" href=\"http:\/\/phil-conducteur.net\/blog\/wp-content\/uploads\/2.2-PROCEDURE-EVALUATION-INITIALE.pdf\">\n\t\t\t\t\t\t<span class=\"elementor-button-content-wrapper\">\n\t\t\t\t\t\t\t\t\t<span class=\"elementor-button-text\">Proc\u00e9d\u00e9 d'\u00e9valuation initiale<\/span>\n\t\t\t\t\t<\/span>\n\t\t\t\t\t<\/a>\n\t\t\t\t\t\t\t\t<\/div>\n\t\t\t\t<div class=\"elementor-element elementor-element-a74b32b elementor-widget elementor-widget-button\" data-id=\"a74b32b\" data-element_type=\"widget\" data-e-type=\"widget\" data-widget_type=\"button.default\">\n\t\t\t\t\t\t\t\t\t\t<a class=\"elementor-button elementor-button-link elementor-size-sm\" href=\"http:\/\/phil-conducteur.net\/blog\/wp-content\/uploads\/2.3-procede-de-positionnement-client.pdf\">\n\t\t\t\t\t\t<span class=\"elementor-button-content-wrapper\">\n\t\t\t\t\t\t\t\t\t<span class=\"elementor-button-text\">Proc\u00e9d\u00e9 de positionnement client<\/span>\n\t\t\t\t\t<\/span>\n\t\t\t\t\t<\/a>\n\t\t\t\t\t\t\t\t<\/div>\n\t\t\t\t<div class=\"elementor-element elementor-element-b671d39 elementor-widget elementor-widget-button\" data-id=\"b671d39\" data-element_type=\"widget\" data-e-type=\"widget\" data-widget_type=\"button.default\">\n\t\t\t\t\t\t\t\t\t\t<a class=\"elementor-button elementor-button-link elementor-size-sm\" href=\"http:\/\/phil-conducteur.net\/blog\/wp-content\/uploads\/2.4-accueil-handicap.pdf\">\n\t\t\t\t\t\t<span class=\"elementor-button-content-wrapper\">\n\t\t\t\t\t\t\t\t\t<span class=\"elementor-button-text\">Prise en compte du handicap<\/span>\n\t\t\t\t\t<\/span>\n\t\t\t\t\t<\/a>\n\t\t\t\t\t\t\t\t<\/div>\n\t\t\t\t<div class=\"elementor-element elementor-element-19c6a4e elementor-widget elementor-widget-button\" data-id=\"19c6a4e\" data-element_type=\"widget\" data-e-type=\"widget\" data-widget_type=\"button.default\">\n\t\t\t\t\t\t\t\t\t\t<a class=\"elementor-button elementor-button-link elementor-size-sm\" href=\"http:\/\/phil-conducteur.net\/blog\/wp-content\/uploads\/3.1-MODALITES-ORGA-FORM-THEORIQUES-ET-PRATIQUES.pdf\">\n\t\t\t\t\t\t<span class=\"elementor-button-content-wrapper\">\n\t\t\t\t\t\t\t\t\t<span class=\"elementor-button-text\">Modalit\u00e9s d'organisation des formations <\/span>\n\t\t\t\t\t<\/span>\n\t\t\t\t\t<\/a>\n\t\t\t\t\t\t\t\t<\/div>\n\t\t\t\t\t<\/div>\n\t\t\t\t<\/div>\n\t\t\t\t<\/div>\n\t\t","protected":false},"excerpt":{"rendered":"<p>Documents \u00e0 fournir pour l&rsquo;inscription \u00e0 l&rsquo;auto-\u00e9cole POUR TOUS Photocopie recto verso de la pi\u00e8ce d&rsquo;identit\u00e9 ou du passeport 4 photos et signature NUM\u00c9RIQUE agr\u00e9e Agence Nationale des Titres S\u00e9curis\u00e9s Justificatif de domicile (facture EDF, eau, gaz, t\u00e9l\u00e9phone&#8230;) de moins de 6 mois Attestation d&rsquo;h\u00e9bergement des parents Copie de la pi\u00e8ce d&rsquo;identit\u00e9 du parent qui [&hellip;]<\/p>\n","protected":false},"author":1,"featured_media":0,"parent":0,"menu_order":0,"comment_status":"open","ping_status":"open","template":"elementor_header_footer","meta":{"footnotes":""},"class_list":["post-13","page","type-page","status-publish","hentry"],"_links":{"self":[{"href":"https:\/\/phil-conducteur.net\/blog\/wp-json\/wp\/v2\/pages\/13","targetHints":{"allow":["GET"]}}],"collection":[{"href":"https:\/\/phil-conducteur.net\/blog\/wp-json\/wp\/v2\/pages"}],"about":[{"href":"https:\/\/phil-conducteur.net\/blog\/wp-json\/wp\/v2\/types\/page"}],"author":[{"embeddable":true,"href":"https:\/\/phil-conducteur.net\/blog\/wp-json\/wp\/v2\/users\/1"}],"replies":[{"embeddable":true,"href":"https:\/\/phil-conducteur.net\/blog\/wp-json\/wp\/v2\/comments?post=13"}],"version-history":[{"count":33,"href":"https:\/\/phil-conducteur.net\/blog\/wp-json\/wp\/v2\/pages\/13\/revisions"}],"predecessor-version":[{"id":2185,"href":"https:\/\/phil-conducteur.net\/blog\/wp-json\/wp\/v2\/pages\/13\/revisions\/2185"}],"wp:attachment":[{"href":"https:\/\/phil-conducteur.net\/blog\/wp-json\/wp\/v2\/media?parent=13"}],"curies":[{"name":"wp","href":"https:\/\/api.w.org\/{rel}","templated":true}]}}