{"id":438,"date":"2018-06-09T18:18:54","date_gmt":"2018-06-09T17:18:54","guid":{"rendered":"http:\/\/phil-conducteur.net\/blog\/?page_id=438"},"modified":"2018-06-12T11:06:16","modified_gmt":"2018-06-12T10:06:16","slug":"verifications","status":"publish","type":"page","link":"http:\/\/phil-conducteur.net\/blog\/verifications\/","title":{"rendered":"V\u00e9rifications"},"content":{"rendered":"<h1>Les v\u00e9rifications<\/h1>\n<p>Lors de l&rsquo;examen pratique du permis B les candidats sont interrog\u00e9s sur l&rsquo;entretien du v\u00e9hicule et depuis janvier 2018 ils sont \u00e9galement questionn\u00e9s sur des notions de secourisme; ci-dessous la liste des questions:<\/p>\n<p><a href=\"http:\/\/phil-conducteur.net\/blog\/wp-content\/uploads\/questions-verifications-2018-banque-ve\u0301rifications-01_01_18-2.pdf\">questions-verifications-2018-banque-ve\u0301rifications-01_01_18-2<\/a><\/p>\n<p><a href=\"http:\/\/phil-conducteur.net\/blog\/wp-content\/uploads\/questions-secourisme-1.pdf\">questions secourisme-1<\/a><\/p>\n","protected":false},"excerpt":{"rendered":"<p>Les v\u00e9rifications Lors de l&rsquo;examen pratique du permis B les candidats sont interrog\u00e9s sur l&rsquo;entretien du v\u00e9hicule et depuis janvier 2018 ils sont \u00e9galement questionn\u00e9s sur des notions de secourisme; ci-dessous la liste des questions: questions-verifications-2018-banque-ve\u0301rifications-01_01_18-2 questions secourisme-1<\/p>\n","protected":false},"author":1,"featured_media":0,"parent":0,"menu_order":0,"comment_status":"closed","ping_status":"closed","template":"","meta":{"footnotes":""},"class_list":["post-438","page","type-page","status-publish","hentry"],"_links":{"self":[{"href":"http:\/\/phil-conducteur.net\/blog\/wp-json\/wp\/v2\/pages\/438","targetHints":{"allow":["GET"]}}],"collection":[{"href":"http:\/\/phil-conducteur.net\/blog\/wp-json\/wp\/v2\/pages"}],"about":[{"href":"http:\/\/phil-conducteur.net\/blog\/wp-json\/wp\/v2\/types\/page"}],"author":[{"embeddable":true,"href":"http:\/\/phil-conducteur.net\/blog\/wp-json\/wp\/v2\/users\/1"}],"replies":[{"embeddable":true,"href":"http:\/\/phil-conducteur.net\/blog\/wp-json\/wp\/v2\/comments?post=438"}],"version-history":[{"count":4,"href":"http:\/\/phil-conducteur.net\/blog\/wp-json\/wp\/v2\/pages\/438\/revisions"}],"predecessor-version":[{"id":588,"href":"http:\/\/phil-conducteur.net\/blog\/wp-json\/wp\/v2\/pages\/438\/revisions\/588"}],"wp:attachment":[{"href":"http:\/\/phil-conducteur.net\/blog\/wp-json\/wp\/v2\/media?parent=438"}],"curies":[{"name":"wp","href":"https:\/\/api.w.org\/{rel}","templated":true}]}}